 z = -215 + 349. Let w = z - 37. Let b = -64 + w. Is b a prime number?
False
Let n be (9/12)/(2/8). Let m be 0/((0 - n)/(-3)). Is (m + 14)/((-6)/(-21)) prime?
False
Let m = -220 + 369. Suppose 3*o = d + 10, -3*o = -3*d - d + 5. Suppose -d*b + 54 - m = -3*i, -2*i + 3*b + 64 = 0. Is i prime?
False
Let o = 44 - 26. Let y = 37 - o. Is y a prime number?
True
Suppose 2*y + 3*y = 0. Suppose -3*c + j = -c - 76, y = -5*c + 2*j + 189. Is c a composite number?
False
Let q = 16 + -16. Let t(m) = m**3 + 505. Is t(q) prime?
False
Let k = -13 - -18. Let y = k - 0. Let f = 16 + y. Is f prime?
False
Let z = -7 + 10. Let m be (-6 + z)*(-10)/(-3). Let x = m + 47. Is x prime?
True
Suppose -70 = -y + 6*y. Let h(a) = a**3 + 15*a**2 + 8*a - 1. Is h(y) a prime number?
True
Suppose -j + 5*j - 5*u - 24 = 0, 4*u = -4*j + 24. Let v(o) = -o**2 + 12*o - 5. Is v(j) a composite number?
False
Suppose -97 = l - 41. Let y = -37 - l. Is y a prime number?
True
Let o(a) = a**2 - 6*a + 3. Let y(p) = -p**2 - 10*p - 8. Let h be y(-8). Is o(h) prime?
True
Suppose -3 - 9 = -4*c. Suppose -134 + 26 = -c*s. Suppose -s = -3*j - 3. Is j a composite number?
False
Let i(w) be the second derivative of -w**4/12 - w**3 + 3*w**2 - 3*w. Is i(-5) prime?
True
Let j(g) = 4*g**3 + 10*g**2 + 12*g - 5. Suppose 3 = -u - 0. Let r(v) = -v**3 - v**2 - v + 1. Let a(b) = u*r(b) - j(b). Is a(-7) composite?
True
Let q = 2502 - 169. Is q composite?
False
Let o be ((-15)/(-9))/((-2)/6). Let c be ((-6)/o)/(6/40). Suppose 4*r = c*r - 148. Is r prime?
True
Suppose -5 + 3 = r. Let v be (1/r)/((-2)/24). Let h(b) = b**2 - 2*b + 1. Is h(v) a prime number?
False
Suppose 0 = -5*o + 5*s + 10760, 0*s - 2*s + 2161 = o. Is o a composite number?
True
Let s(c) = 4*c**2 - c - 4. Let f be 1 - (-1)/(-1 + 0). Suppose f*j - 9 = 3*j. Is s(j) a composite number?
True
Suppose 0 = 4*j - 0*j, 2*j = -3*m + 63. Is m a composite number?
True
Suppose -4*t + 3*t = -541. Is t prime?
True
Is 10364/12 - (-4)/(-6) prime?
True
Let g = -384 - -691. Is g a composite number?
False
Is (-41430)/(-36) - ((-33)/(-18) - 2) prime?
True
Let y be 39 - (1 - (-1 - -1)). Suppose -y = q - 3*q. Is q a prime number?
True
Let k(g) = -115 + 116 + g + g + 332*g**2. Is k(-1) prime?
True
Suppose -3*k + 0*b - b - 33 = 0, -2*b = -4*k - 34. Let p(g) = 3*g**2 - g + 2*g + g + 13. Is p(k) prime?
True
Let i be ((-10)/(-25))/(2/70). Let o = i + -9. Is 0 + 0 - (-54 - o) a composite number?
False
Let d = 261 + -76. Is d a prime number?
False
Suppose -46446 = -0*n - 6*n. Is n prime?
True
Suppose 0*f - f = -95. Let i be (-386)/8 - 1/(-4). Let d = i + f. Is d a prime number?
True
Let p(t) = 2*t**3 - 8*t + 2 + 7*t**2 - t**3 - 5. Suppose 4*b + n = -29, -3*b - 3*n - 17 = -b. Is p(b) a composite number?
False
Suppose c - 106 = -3*w + 651, -4*c + 16 = 0. Is w composite?
False
Suppose 3*f - 73 = 2*f - 3*m, m = -4*f + 292. Suppose -216 = 9*s - 3*s. Let p = s + f. Is p prime?
True
Let h(p) = -3*p + 12. Let i be h(6). Is ((-52)/i)/(4/66) prime?
False
Is ((-17)/3)/(2/(-12)) a composite number?
True
Suppose -a + 368 = 3*a. Suppose i = a + 35. Is i a composite number?
False
Let c = 16 + -11. Suppose 2*j - 4 = 3*p, -j + 0 = c*p - 2. Suppose -3*t = -3*f + t + 143, 5*t - 5 = p. Is f a prime number?
False
Suppose -17*f = -14*f - 921. Is f composite?
False
Let x = 5717 + -1660. Is x a composite number?
False
Let i be 6/(-9) - (-4)/6. Suppose i = -4*q - 6 + 2. Is 1 + q - 1*-35 a prime number?
False
Suppose -2501 + 254 = -3*o. Is o a composite number?
True
Let q be (-47)/5 - (-4)/10. Let u be 1*(q/(-3) + -3). Suppose u = -a + 77 - 18. Is a a composite number?
False
Is (-2)/(3436/1148 + -3) a composite number?
True
Let q(l) = -l**2 - 5*l + 6. Let z be q(-6). Let p = z + -2. Is 153/3 + p/(-1) a composite number?
False
Let f(g) = 15*g + 2. Is f(3) a prime number?
True
Let x = -20 - -8. Let p = 22 + x. Suppose 0 = 5*t - p, -2*n - 6 = 4*t - 66. Is n composite?
True
Suppose -649 = -5*i + 2*y, -6*i = -i + 2*y - 641. Is i prime?
False
Let w(p) = 2*p + 10. Let n be w(-8). Let a(c) = -17*c - 5. Is a(n) a composite number?
False
Let w be (-1)/(-4) + 62/8. Let o be (-562)/(-4) - (-4)/w. Suppose -5*t + o = 5*q - 69, -2*q = -8. Is t a composite number?
True
Let z(l) = -106*l + 7. Is z(-7) a prime number?
False
Suppose -2*s - m = 32, -5*s - 52 = -s - 4*m. Is 26*(s/(-6) - 2) composite?
False
Is ((-188)/16)/((-4)/32) prime?
False
Let l(r) = 2*r**2 - 5*r - 12. Let k(q) = -q**2 + q + 1. Let g(s) = -4*k(s) - l(s). Suppose x + 3*m + 18 = -2*m, 43 = 4*x - 3*m. Is g(x) a composite number?
False
Suppose -4*z + 3*n + 14 = 0, -2*n + 7 = 5*z - 22. Suppose 2*t - 3*h = 187 - 42, -z*h = -15. Is t prime?
False
Is -2*16299/12*10/(-15) a prime number?
True
Let c(m) = -m**3 - 8*m**2 + 8*m - 2. Let i(y) = 2*y**3 + 8*y**2 - 8*y + 1. Let d(q) = 4*c(q) + 3*i(q). Is d(5) a prime number?
False
Suppose 4*c + 2*x = 6366, 3*c - 3*x = 534 + 4236. Is c composite?
True
Let s(q) = -q**3 + 6*q**2 - 4*q - 5. Let w be s(4). Suppose -w*b = -12*b + 119. Is b a composite number?
True
Let h = -31 + 672. Is h a prime number?
True
Suppose 7*u + 935 = 12*u. Is u composite?
True
Let z(s) be the second derivative of 31*s**3/6 - s**2 - 4*s. Let o be z(4). Suppose 2*f = 2*q - 134, 2*f = -2*q - 2*f + o. Is q prime?
False
Let u(z) = 9*z**2 - 7*z + 9. Is u(6) prime?
False
Is -4 + (386 + -3 - -2) prime?
False
Let l(g) = -g**2 + g + 3. Let b be l(0). Let c(w) = w**2 + 10*w + 7*w**2 + 7 - b*w**2. Is c(-6) composite?
False
Suppose 2*l - 17 = -2*y - 3*y, 2*l = 4*y - 10. Suppose -293 = y*f - 4*f. Is f a composite number?
False
Let q(s) = 15*s**2 - s. Let l be q(1). Let t = l + 65. Is t a prime number?
True
Suppose 3*r + r = l + 386, -5*l = 5*r - 495. Is r a prime number?
True
Suppose 2*y - 7*y + 885 = 0. Is y a prime number?
False
Suppose 4*s + 2*a - 12 = 0, -4*s - 3*a + 14 + 2 = 0. Is (-1)/(-1) + (53 - s) a composite number?
False
Suppose -2*u = 2*u - 2860. Suppose -7*b + u = 5*i - 2*b, -5*b - 695 = -5*i. Is i a composite number?
True
Let w be (-18)/63 + 802/14. Let u = w - 34. Is u a composite number?
False
Let u be 0/(4/2) - -4. Suppose 4*j = 4*n - 216, -j = -2*n - u*j + 103. Is n a prime number?
True
Suppose -5*k + k = -8. Suppose -k*v = -v + 2. Is -2*(1 + 55/v) prime?
True
Suppose -c - 15 = -4*c. Let h = -5 + c. Suppose h*i + 3*i = 45. Is i composite?
True
Let q be ((-2)/5)/(2/(-10)). Let d(s) = -3*s - 10*s - 5 + 2*s - s**q. Is d(-5) prime?
False
Let a = 86 + -61. Is a a composite number?
True
Let u = 46 + -29. Let h = -1 + 1. Suppose h = 5*g - u + 2. Is g a composite number?
False
Suppose 5*z = 2*x - 7, 4*x - z = 1 + 22. Let k(c) = 10*c + 7. Is k(x) a prime number?
True
Let d be (1 + -2 - -4) + -3. Suppose 5*q - 390 = -d*q. Let u = q + -19. Is u prime?
True
Is -226*(-4)/8*1 composite?
False
Suppose 6*r = 3*o + r - 140, 145 = 3*o - 4*r. Is o composite?
True
Suppose 0*m - 5*m + 600 = -j, 4*m - j - 479 = 0. Is m a composite number?
True
Suppose 4*x - 13 = 11. Suppose -4*h = s - 76, x*s = -5*h + 2*s + 95. Let t = -8 + h. Is t prime?
True
Let h(f) = -f**3 - 4*f**2 - 3*f - 1. Let t be h(-2). Let z be t*(-4)/6*-1. Is 15 - (1 - 1)/z a prime number?
False
Let f(l) = -l**3 + 13*l**2 - 5*l - 17. Is f(-10) a composite number?
False
Let v(b) = 8*b**2 + 4*b - 5. Is v(-6) a composite number?
True
Let r = 2250 + -1573. Is r a composite number?
False
Let y(d) = -3513*d. Let t be y(1). Is 1/4 + t/(-12) a prime number?
True
Let m(i) = 20*i**2 + 4*i + 5. Let x be m(5). Let d = x - 770. Let t = -162 - d. Is t prime?
True
Let i(b) = 4*b + 2. Let l be i(-3). Let k = 19 + l. Suppose -k = -2*x + 5. Is x prime?
True
Suppose 291 = 2*m + 109. Is m prime?
False
Let d = 27 + 128. Is d prime?
False
Let l = 115 - 2. Is l prime?
True
Let x = 13 + -8. Suppose 3*u + 0*u = 3*b + 171, -3*u = -x*b - 167. Is u prime?
True
Suppose -8*c + 306 = -742. Is c composite?
False
Suppose 2*k + 26 = -3*k - 4*r, 0 = 2*k + 4*r + 20. Let j = 5 + k. Is j composite?
False
Suppose 2*k - 5*g + 828 = 6*k, -4 = g. Suppose i - k = 39. Is i a prime number?
True
Suppose -v = 3*v - 336. Let b = 142 - v. Is b composite?
True
Suppose -2*m = 5*i + 6 + 5, 0 = -5*m - 4*i + 15. Is 148/1 + 7/m a prime number?
True
Let i be -4 - -1 - 6/(-2). Suppose t - 35 - 20 = i. Is t composite?
True
Suppose -2*w - 4 = 6. Let b(n) = 3*n**2 -